+ 31. What is the highest common factor of l and 11?
11
Let v be (-83)/(-9) - (-4)/(-18). Let r = -6 + v. Suppose 2*c - 6*c - 2*g = -54, 4*g + 36 = 4*c. What is the highest common divisor of c and r?
3
Suppose -4*d = 3 + 1. Let n = 82 + d. Calculate the highest common divisor of 27 and n.
27
Let n be (-3)/6 + 8430/12. What is the greatest common divisor of 156 and n?
78
Suppose 0*n + 2*n = 12. Let p = -246 + 270. Calculate the highest common divisor of p and n.
6
Suppose 4*p - s - 67 = -p, p = -4*s + 26. Let l(i) = 3*i**3 + 4*i**2 - 4*i + 3. Let m be l(2). Calculate the highest common divisor of m and p.
7
Let m(a) = 55*a**3 - a**2 - a + 1. Suppose -3*c = 2*c - 5. Let b be m(c). Let z be ((-66)/9)/((-4)/b). Calculate the highest common factor of z and 11.
11
Let x be (-3)/(6 - (-4543)/(-504) - -3). What is the greatest common factor of 27 and x?
27
Let s = -731 + 747. Calculate the highest common divisor of 104 and s.
8
Suppose -17 = -2*v - 9. Let u = -18 - -34. What is the highest common factor of u and v?
4
Let l(x) = x**3 - 2*x**2 + 2*x + 17. Let o be l(4). Calculate the highest common factor of o and 3.
3
Suppose -10*f - 84 = -12*f. Suppose 0 = 5*t + 142 - f. Let r = t + 31. What is the greatest common factor of 1 and r?
1
Suppose -3*i + 135 = -3*o, 73 + 112 = 4*i - 5*o. Calculate the greatest common factor of 140 and i.
20
Suppose 0*m = -5*m + 25. Suppose -5*g + 3*z + 7 = -5, -3*g + 2*z + 7 = 0. Let n be (-1 - -2) + g + 11. What is the greatest common divisor of m and n?
5
Suppose 0 = 2*p - 3*w - 75, -5*p + 168 = 5*w - 57. Calculate the highest common divisor of p and 987.
21
Let a be -3 + 9 - (-1)/(-1). Let v(p) = -6 + 28 + 2*p - 12 - 6. Let o be v(a). What is the highest common divisor of 98 and o?
14
Let n = -99 - -129. Calculate the greatest common divisor of n and 570.
30
Suppose -3*g - 9 = 0, -3*a - 6 = -3*g - 0*g. Let v be -1 + -3 + 15 + a. Calculate the highest common divisor of v and 66.
6
Let g = 103 + -101. Suppose -p + g*p = 84. Calculate the greatest common divisor of 12 and p.
12
Let z be (8/6)/(-4)*-39. Suppose 12 = -9*k + z*k. Suppose k*p - 88 = -p. Calculate the greatest common factor of p and 44.
22
Let p = -356 + 388. Calculate the greatest common factor of p and 6.
2
Let f = 28 - 26. Suppose 2*k = 2*b, f*b - 3*k + 3 = -0*b. Suppose -365 = -5*i + w - 38, 0 = i - b*w - 57. What is the highest common divisor of i and 6?
6
Let n be 8/28 + 556/14. Suppose -5*h + 115 = -n. Suppose -i - 3*w + 57 = 2*i, -5*w - h = -2*i. Calculate the greatest common divisor of 12 and i.
6
Suppose 208 = 2*n - 0*n. Suppose 3*u + 9 = -4*o, 2*o - 5*u + 0*u = 15. Suppose o = 5*z - z - n. What is the highest common divisor of 234 and z?
26
Let d be 95/(1/1*(1 - 0)). What is the highest common divisor of 15 and d?
5
Let s be (-16)/(-3) + (-1)/3. Suppose -5*m + 2*b + 26 = 0, -5*b - 2 = -4*m + 12. Suppose -35 = -o - m*o. What is the highest common factor of o and s?
5
Let h(g) = 22*g**3 - 4*g - 4. Let c be h(2). Calculate the greatest common divisor of 123 and c.
41
Let n be (-10)/4*72/(-10). Let m(p) = -9*p + 9. Let b(g) = -8*g**3 + g. Let v be b(1). Let w be m(v). What is the greatest common divisor of n and w?
18
Let l = 26 - 3. Let j = 27 - l. Suppose 4 = 3*g - 4*g, 4*c - 136 = -j*g. Calculate the greatest common divisor of 95 and c.
19
Let c = 255 + -180. Calculate the greatest common factor of c and 30.
15
Let o(x) = -3*x + 13. Let m be o(3). Suppose -4 = 4*v, 5*g = -m*v + 45 + 41. Calculate the greatest common divisor of 126 and g.
18
Let z(r) = 8*r - 4. Let w be z(6). Suppose 0 = 3*n - 6*n - 9. Let f be (-9)/(-3) + (n - -4). What is the highest common factor of f and w?
4
Let t(r) = r**3 - 13*r**2 - 14*r + 9. Let d = 10 + 4. Let u be t(d). What is the greatest common factor of u and 63?
9
Suppose -9 = -3*h, -129 = 2*q - 7*q - 3*h. What is the greatest common factor of 120 and q?
24
Let r = -139 + 136. Let z be (r*(-80)/18)/((-26)/(-117)). Calculate the greatest common factor of 45 and z.
15
Suppose -4*d + 53 + 7 = 0. What is the highest common factor of 15 and d?
15
Suppose 0*q - 5*q - 3*l = 2, 0 = 4*q - 2*l - 16. Suppose -234 = -5*g + 5*s + 181, -q*g + 5*s + 163 = 0. Calculate the highest common divisor of g and 28.
28
Let c(x) = 2*x - 7. Let z be c(7). Let m = -180 - -300. Let k = -71 + m. What is the greatest common divisor of z and k?
7
Let k = 9 - -2. Suppose 31 = 5*g + 4*x, -4*g - x = -k - 5. Let j = 14 + -8. Calculate the highest common factor of j and g.
3
Let n(k) = -6 + 1 + 2 + 2*k + 2. Let x be (-4 - -18) + 1/(-1). Let c be n(x). What is the highest common divisor of c and 175?
25
Suppose -5*i + 50 = 5*l, -l = -i + 1 + 1. Let s(t) = -t**2 + 16*t - 14. Let k be s(i). What is the greatest common factor of k and 23?
23
Let n(u) = u**3 - 51*u**2 - 54*u + 256. Let w be n(52). What is the greatest common factor of w and 133?
19
Let w be (12/(-20))/(3/(-195)). What is the greatest common divisor of w and 104?
13
Let t = 52 - 37. Suppose -33*w + 37*w - 420 = 0. Calculate the greatest common divisor of w and t.
15
Let h be 2 + -7 + (-20)/5. Let b = -7 - h. Suppose -588 = -5*w + 5*n + 287, -b*w + 358 = -4*n. What is the highest common factor of 19 and w?
19
Suppose -2*z = k - 6, 5*k = -10*z + 9*z + 39. Let m = 3 - 5. Let b be 42 - 1/m*-4. Calculate the greatest common factor of k and b.
8
Let t be -3*((-4)/(-3))/1. Let s be ((-124)/2 + t)/(-2). Let x = s + -24. Calculate the greatest common factor of x and 36.
9
Suppose 34 = 2*p + i, 3*p + 8*i - 25 = 13*i. What is the greatest common factor of 1515 and p?
15
Suppose 225 = 26*k - 87. Calculate the greatest common factor of 66 and k.
6
Let f = -103 + 166. What is the greatest common factor of 42 and f?
21
Let x(w) = -9*w**3 + 51*w**2 - 12*w + 2. Let o be x(5). What is the greatest common factor of o and 1472?
92
Let h(y) = -y**2 - 25*y + 44. Let d be h(-20). Calculate the greatest common divisor of 60 and d.
12
Let b(t) = t**3 - 8*t**2 + 5*t + 15. Let h be b(8). Let f be 3 - 1 - (28 + -37). What is the greatest common divisor of f and h?
11
Let v(n) = 73*n + 300. Let r be v(0). What is the greatest common divisor of r and 75?
75
Let k(u) = u**2 - 14*u - 9. Suppose -2*i = v - 50 + 15, 0 = 2*i - 5*v - 17. Let y be k(i). Calculate the greatest common divisor of y and 207.
23
Suppose 555 = 11*q - 28. What is the highest common factor of 212 and q?
53
Let k(a) = a**2 + 2*a - 11. Let z be k(5). Suppose 0*o = o - 120. Suppose 2*f - o = f. What is the greatest common divisor of z and f?
24
Suppose -39*w = -1135 - 1829. Calculate the greatest common divisor of 1216 and w.
76
Let c be (22 - 1) + -144 + 141. Let q(o) be the second derivative of 5*o**3/6 + 3*o**2 + o. Let m be q(6). What is the highest common divisor of c and m?
18
Let x = 17 + -8. Suppose -388 - 1097 = -15*v. Calculate the highest common factor of x and v.
9
Let m be ((-294)/(-30) + -8)*40/6. Let t(f) = 3*f - 25. Let y be t(m). What is the highest common factor of y and 44?
11
Suppose -f - 3*u = 5, 2*f = -f - 2*u - 1. Let b be f*2/(-2) - 11. Let n be b*5/((-30)/16). Calculate the greatest common factor of 8 and n.
8
Let j = 31 + -22. What is the greatest common factor of 1422 and j?
9
Let o be (-1 - 1)/((-11)/77). Let m(i) = -i**3 + 11*i**2 - 3*i - 9. Let p be m(9). What is the highest common divisor of o and p?
14
Suppose -o + r + 73 = 27, -5*o = -3*r - 236. Let v = 786 - 779. Calculate the greatest common divisor of v and o.
7
Suppose -59 = -9*m + 31. Let y(x) = x**2 - 6*x. Let k be y(m). What is the greatest common divisor of k and 20?
20
Suppose 5*x = 0, -2*h + 696 = 2*h + 3*x. Let r be h/15 + 1 + (-2)/(-5). Calculate the greatest common divisor of r and 143.
13
Suppose x - 4 - 32 = -4*i, 5*i = -5*x + 45. Calculate the highest common divisor of 117 and i.
9
Suppose 6 = 3*d - 3. Suppose 5*m - 55 - 125 = -4*l, d*l = 0. Suppose -2*f = -m - 2. What is the greatest common divisor of f and 133?
19
Let p be 6/(-4) + (-39)/(-2). Suppose 4*o - 93 = 3*c, 4*o - 63 = 2*c + 35. What is the highest common factor of o and p?
9
Let w(a) = -24*a - 32*a**2 + 57*a**2 - 23*a**2 - 4. Let h be w(14). What is the highest common factor of h and 13?
13
Let z = 13 - 10. Suppose z*m - 38 = 4*s, 5*m - 2*s - 102 = -5*s. Suppose -2*q + 412 = -4*k, 376 = 2*q - 